te 4 + (-7 - -1) + 2 + -5.
-5
What is the value of -8 + 9 + -9 + 4 + -1?
-5
What is the value of 0 + (4 - -4 - 4)?
4
Calculate 2 + -2 + (0 - (-3 + 2)).
1
Evaluate (-6 - (6 - 17)) + (1 - 6).
0
What is the value of -16 + (-4 - (-22 - -9))?
-7
What is the value of 1 - (7 - 1 - 3)?
-2
1 - 3 - (-4 - (-6 - 0))
-4
Calculate -4 + (-3 - (3 - 10)) + 4.
4
What is the value of 4 + (-3 - 0) + 3 + -5?
-1
What is the value of 9 - (-1 + (6 - -1))?
3
What is 16 - 14 - 13 - -14?
3
Calculate -1 + (5 + -1 - (-4 - -2)).
5
What is the value of -6 + (-1 + -1 - (-3 + -1))?
-4
Calculate (-5 - (2 - 0)) + (0 - -2).
-5
What is the value of -4 + -5 + -2 + -6 + 13?
-4
Calculate 0 + 6 + -6 - 6.
-6
5 - (-3 - (-3 - 2))
3
What is (5 + -1 - 3) + -4?
-3
-4 - (4 - (1 + 12))
5
Calculate (20 - 20) + (5 - 1).
4
Calculate (-3 - -7 - -2) + (-4 - 6).
-4
What is the value of (3 - (2 + -1 - 6)) + -3?
5
What is the value of -1 + (-4 - -8) - (-3 + 1)?
5
What is -10 + 12 + (-1 - -2)?
3
Evaluate (-16 - -32) + -14 + (-5 - -2).
-1
Calculate (-4 - -3 - 3) + (9 - 2).
3
-9 - -4 - (0 + -9)
4
What is (4 - 8 - 5) + 12?
3
Calculate 2 + 0 - -1 - 8.
-5
14 + -9 + (-7 - 0)
-2
-9 + 18 + (-4 - 1)
4
What is the value of -6 - (5 + (3 - 8) + -10)?
4
Calculate (5 - (1 + -3 + 6)) + 3.
4
What is the value of 45 + -50 - (2 - (3 - 1))?
-5
What is (41 - 35) + -3 + -2 + 2?
3
What is -1 - ((7 - 4) + -4 + 1)?
-1
What is the value of -13 - -5 - -5 - (0 - 4)?
1
What is 3 - (-1 + 2) - (-41 + 50)?
-7
What is (-9 + -8 - -8) + 8?
-1
0 - -1 - (-53 - -53) - 6
-5
Evaluate -1 - (-1 - (-3 - (3 - 3))).
-3
What is the value of -5 + (-4 - -5 - (-2 - -2))?
-4
What is -9 + (-1 - (-3 - (-2 - -5)))?
-4
What is the value of (-2 + 4 - 3) + 1 + 5?
5
What is (-10 - 1) + 7 + 3 + -3?
-4
Evaluate -6 - ((-2 - -3) + -2).
-5
What is the value of 5 + (-8 - (7 + -8 - 3))?
1
What is 3 + -2 + -4 - (-4 - 0)?
1
Evaluate (2 - -13) + -5 + -3.
7
What is 3 + -8 + 1 + (-16 - -18)?
-2
Evaluate -6 + (-20 + 23 - (-8 + 1)).
4
Calculate (-5 - -4) + -2 - -1.
-2
What is (-4 - 1) + 7 + -2?
0
What is (-3 - (3 + -6)) + 2 + -2?
0
Calculate 11 - (-2 + -9 + 17).
5
(-8 - (0 + -16)) + -7
1
-5 + 0 + -7 + (-2 - -7)
-7
What is 6 + 5 + (0 - 8)?
3
What is -6 + 0 + 3 + 2?
-1
What is (5 - 15 - -2) + 4?
-4
-2 - -7 - 1 - (3 + 8)
-7
What is 77 - 80 - (1 + 0)?
-4
Calculate (-5 - -11) + -1 + -1 + -2.
2
Evaluate -1 + (1 - 2) + 5.
3
Calculate 0 - 3 - (-7 + -1 + 3).
2
7 + 6 + -7 + (-4 - 0)
2
What is the value of -7 + 1 - -11 - (-4 + 2)?
7
(6 - 6 - 5) + 2 + 1
-2
(2 - 0 - -6) + -13
-5
7 + -6 + 4 + -5
0
Evaluate 0 + 5 + -10 + 2.
-3
What is -8 - (0 + (1 - 3) + -1)?
-5
-1 - -2 - 2 - (-132 - -131)
0
-2 + (-4 - 2) + 6 + 6
4
Evaluate 4 - (-5 + 3 - -5).
1
Evaluate -9 + 2 + 1 + 2.
-4
What is (-7 - (6 - 12)) + 5 + -3?
1
What is (1 - 4) + (-8 - -5)?
-6
Evaluate -1 + (-6 - -3) + 2 + 12.
10
Calculate 0 + -3 + 15 + -14 + -1.
-3
Calculate (2 - 4) + 10 - 7.
1
Evaluate 7 - 6 - (0 + 5).
-4
What is the value of (34 - 34) + (6 - 0) + -2?
4
What is -11 + 9 - ((-3 - -1) + -1)?
1
Calculate 2 - (-1 + 2) - (3 + -5).
3
(-9 - -2) + 9 + 1
3
What is the value of 3 + (-6 - 4) + (-1 - -3)?
-5
What is 3 + -4 - (-8 + 12)?
-5
1 - (-9 + -11 + 16)
5
Calculate 4 + -12 + 9 - (1 - 5).
5
What is -10 + (0 - -7 - 4) + 3?
-4
Evaluate 3 - (7 + -2 + -4).
2
What is the value of -3 + (10 - 3) + 1?
5
What is the value of -3 - 1 - (-2 - 7)?
5
Calculate -23 - -21 - (2 + 1).
-5
2 - ((7 - 1) + 1)
-5
Evaluate -5 - (-7 + 3 + 0).
-1
What is the value of 2 - -2 - (4 + 2 - 2)?
0
14 + -11 - (-1 + 0 - -4)
0
What is 63 - 61 - (11 + 0)?
-9
What is (-1 - 1) + 1 + 2 + -3?
-2
Calculate -1 - -6 - (-117 + 119).
3
3 + -3 - (2 + -3)
1
(-10 + 11 - 8) + 5
-2
What is -8 + (-7 - -10) + -1 + 5?
-1
-13 - (4 - (-10 - -24))
-3
-5 + (-5 - -9) + 1
0
What is (-49 - -45) + (-1 + 14 - 2)?
7
Calculate -6 - ((15 - 14) + (1 - 4)).
-4
-8 + (4 + 0 - 6) - -6
-4
Calculate 13 - 9 - -4 - (7 - 1).
2
Evaluate (-5 - -4) + 16 + -4 + -5.
6
What is -2 + 0 + 4 + -6 + 2?
-2
What is 3 + (1 + (1 - 0) - 0)?
5
What is 0 + -6 + (5 - 2) - -2?
-1
Calculate -21 - -17 - (-1 + 1 + -2).
-2
-15 + -23 + 44 + -2 + 1
5
Calculate (1 - -6) + 0 + -9.
-2
(-20 - -22) + 4 + -1
5
What is 3 + (0 - (-4 - -4) - 6)?
-3
Evaluate 6 - (-7 - (11 + -14)).
10
Calculate -27 + 22 + 1 + (-3 - -2).
-5
What is the value of 7 + -5 + 3 + -10?
-5
What is the value of 4 + -4 + 3 + 1?
4
0 + (-2 + 3 - -7 - 6)
2
Calculate (4 - (2 - -5)) + 3 + 3.
3
Evaluate -2 - (0 - (-5 - -2)).
-5
Evaluate 0 - -5 - (1 + 2) - 5.
-3
What is the value of (-1 - 3) + 4 - -3?
3
What is the value of (1 + -3 - -1) + 3?
2
What is (-1 - 4) + (7 - 0) + -7?
-5
Calculate 72 + -80 - (-14 + 2).
4
What is the value of 16 - 14 - ((1 - -5) + -2)?
-2
What is the value of -6 - (4 - (4 + 0 - 1))?
-7
1 + 0 + 4 + -4
1
What is the value of 1 - 3 - (2 - (2 - 2))?
-4
8 - 20 - -17 - (0 + 3)
2
Calculate 0 - -2 - (2 - 5).
5
What is the value of 5 - (1 - (-8 - -8))?
4
Evaluate 22 + (-36 - -18) + (1 - -1).
6
Calculate 4 - (0 - (-5 - -5) - 4).
8
What is the value of -1 + 9 + -1 + (-8 - -4)?
3
Calculate -6 + -4 + 4 - -1.
-5
What is the value of 11 + -18 + 5 + 6?
4
Evaluate 0 + -4 + 0 - (-5 - -1).
0
Evaluate -5 + (2 - 2) - -7.
2
(-1 - 3) + -23 + 29
2
What is (-3 - (-3 - -2)) + -1 - -3?
0
What is the value of 4 + 2 + 2 + -6?
2
Evaluate -4 + (-1 - (2 + -7 - -4)).
-4
What is the value of -2 - (-16 - -12) - (-3 + -4)?
9
Calculate 5 + 2 + -22 + 19 - -2.
6
What is the value of (1 - -4) + 10 - (2 + 6)?
7
3 + (-1 - -6 - 5)
3
Evaluate (49 - 40) + 1 + -3.
7
Evaluate -31 + 33 + (2 - 9 - 1).
-6
What is -4 - (3 - 5 - 1)?
-1
What is the value of 3 - (8 - 4) - (-1 + 0)?
0
Evaluate (-1 - -2) + 11 - 7.
5
What is the value of (5 - (1 - 1)) + -3?
2
What is the value of (3 - -3 - 0) + -12 + -1?
-7
-5 - ((-5 + 1 - -2) + -3)
0
0 + 2 - (0 + 7) - -4
-1
What is the value of (-12 - -6 - (0 + -4)) + 8?
6
What is -1 + -3 - (-17 - (-4 + -2))?
7
What is 1 + (-8 + 3 - -3) - 1?
-2
Calculate 3 - -5 - (0 - -9).
-1
Evaluate (1 - -8) + -14 - 2.
-7
What is the value of (2 - (7 - 4)) + 1?
0
-1 + -14 + 20 - (0 - -6)
-1
What is the value of 0 + (12 - 6) + -9?
-3
What is -2 + (4 - (-4 - -2)) + -11?
-7
Evaluate -4 - -1 - (2 - (5 - 3)).
-3
What is -3 - -2 - (-1 + (4 - 0))?
-4
What is the value of 5 + (-1 - 2) + -6?
-4
-5 + (2 - (-5 + 4))
-2
-5 - (-2 - ((3 - -3) + -8))
-5
Calculate (-9 - -6) + 1 + (10 - 15).
-7
(-1 - -2 - -2) + 39 + -41
1
What is -2 - -2 - 1 - -2?
1
What is 8 + 0 + -3 + -2?
3
Evaluate -4 - (-1 + 2 + 0).
-5
What is the value of 13 - 11 - (0 + 1)?
1
What is (-6 - (-4 + -1)) + -3?
-4
Evaluate (1 + 9 - 2) + -4.
4
What is the value of 3 - 0 - (2 + 2)?
-1
Evaluate (-7 - 1) + (2 - -1).
-5
Evaluate 1 - 12 - (218 + -224).
-5
What is (3 - -1) + -11 + 2 + 10?
5
Calculate 4 - 10 - -4 - -1.
-1
What is the value of ((6 - 12) + 13 - 8) + 6?
5
What is 1 - -5 - (5 + -7 - -3)?
5
What is -9 - -20 - (-7 + 13)?
5
Evaluate 3 + 0 + (-2 - 1) - -1.
1
Evaluate -12 + 18 - (-2 + 0).
8
3 + -5 + 1 + -3
-4
Evaluate 2 + 3 + -11 + -5 + 5.
-6
((12 - 6) + -3 - 5) + 4
2
9 + -28 + (7 - -3)
-9
What is the value of 9 - 13 - (0 + 0 - 2)?
-2
What is the value of 4 - (4 + 5 + -10)?
5
What is the value of 5 + -16 + 1 + 1 - -3?
-6
Evaluate (13 - (4 - -12)) + -2 + 0.
-5
What is the value of -2 + ((-1 - 1) + 1 - -4)?
1
Evaluate (2 - 0) + (3 + -1 - 0).
4
What is the value of 1 + (0 - (-4 + 7 - -1))?
-3
Evaluate (-1 - -1 - -3) + (3 - 3).
3
Evaluate (0 - 1) + 2 - (-10 - -14).
-3
What is the value of (0 - (-1 - -3)) + (3 - -3)?
4
0 - ((-8 - -3) + 7)
-2
What is the value of -14 - (5 + -14) - (1 + -10)?
4
Evaluate 5 - (2 + (-9 - -18)).
-6
What is -2 + 0 + -2 - -1?
-3
What is (0 - (-2 - 0)) + (-3 - -4)?
3
2 + 0 + 7 + 46 + -52
3
What is the value of 1 + (-10 - (4 + -7)) + 7?
1
(2 - 1) + -5 - 0
-4
What is the value of 4 + 0 - (1 - -6)?
-3
What is (-10 - -21) + -13 + 4?
2
What is 0 - (5 + (6 - 3) + -5)?
-3
Evaluate 8 - 1 - 10 - (-4 + 3).
-2
What is the value of 0 + 1 + 0 - -1 - 3?
-1
What is (-4 - ((3 - -1) + -15)) + -10?
-3
(-3 - -10) + -1 + -1
5
Calculate 1 - 0 - (-6 - -12 - 2).
-3
What is the value of (17 - 13) + 6 - 19?
-9
What is (1 - 6) + (-5 - -9)?
-1
What is (7 + -2 - 10) + -4?
-9
What is the value of 1 + (-4 + 5 - 0)?
2
What is the value of 1 + -4 + -4 - (1 - 6)?
-2
Evaluate (-6 - 11) + 6 + (2 - -1).
-8
Calculate 3 + 2 + (-4 - (-4 - -1)).
4
Ca